w be (-30)/9*(o - 2). Let s = 30 + w. List the prime factors of s.
2, 5
Let j be (-336)/(-8) - 1*3. List the prime factors of j*(-8)/(-12)*1.
2, 13
Suppose 0 = -b + 2*x - 9, -4*b - 2 + 1 = -x. Let u = -2 + 8. Let p = u - b. What are the prime factors of p?
5
Let p = 2 - -51. List the prime factors of p.
53
Let g(q) = q - 6. Let w be g(6). Suppose -2*m + 2*b + 28 = 0, w*m = -5*m + 3*b + 80. List the prime factors of m.
19
Suppose -2*c + c = -22. Suppose -5*b = -13 - c. What are the prime factors of b?
7
Let t be (-45)/6*(-1 - 3). Suppose 0*k = -5*k - t. Let s(d) = d**2 + 5*d + 7. What are the prime factors of s(k)?
13
Let v(x) = x + 6. Let f be v(0). Suppose 3*c + 3 = 0, -w = c - f + 1. List the prime factors of w.
2, 3
Let o(c) = c**3 + 10*c**2 - 3*c - 10. Let i = 3 - -2. Suppose i*l = -19 - 31. What are the prime factors of o(l)?
2, 5
Let r = -8 - -7. Let u be 2/(-6) - (-48)/9. Let v = u + r. What are the prime factors of v?
2
Suppose -t = 5*n + 15, 5*t + 44 + 91 = -5*n. Let k = t - -65. List the prime factors of k.
5, 7
Suppose 3*x = -v + 3 - 5, 5*v = -5*x + 10. Suppose m = 2*m + v*n - 40, 0 = -n + 4. Suppose -3*j = -j - m. What are the prime factors of j?
2, 3
Suppose 2*l = -0*l. Suppose x + l - 12 = 0. What are the prime factors of x?
2, 3
Let b be 2/4 + (-34)/(-4). List the prime factors of (-339)/(-15) + b/(-15).
2, 11
Let n = 4 - -1. Suppose n + 6 = v. What are the prime factors of v?
11
Let z = -86 - -168. What are the prime factors of z?
2, 41
Let d be (-5 + 7)/((-2)/2). Let v be 2/(-1) + -1 + -1. Let p = d - v. What are the prime factors of p?
2
Let y(f) be the first derivative of 2*f**3/3 + 4*f**2 + 6*f + 2. List the prime factors of y(-5).
2
Let w be -3 + 5/(5/24). Suppose -3*k + 39 = -z - 2, k - 4*z = w. What are the prime factors of k?
13
Suppose -4 = -g - 0. Let h(a) = a**2 - g*a - 8 - 2*a + 0. List the prime factors of h(8).
2
Let d be -6*1*(-1)/3. Suppose f - d*w = -f, 3 = w. List the prime factors of f.
3
Let k(s) = 14*s - 26. List the prime factors of k(14).
2, 5, 17
Suppose -4*b + 2*b = -12. Let k(j) be the third derivative of j**6/120 - j**5/10 + j**4/8 - j**3/6 + 26*j**2. What are the prime factors of k(b)?
17
Let k(j) = -4*j + 4. What are the prime factors of k(-7)?
2
Suppose 2*t + 4 = 0, -o + 5*t + 10 = -11. Suppose 4*r + 3 = 4*u + o, -4*r = 5*u - 8. Suppose -r*y + y + 15 = 0. What are the prime factors of y?
3, 5
Suppose -3*b + k + 5 = -8, k - 2 = 0. What are the prime factors of (-2 + b)*(-7)/(-3)?
7
Let u(l) = -l**3 + 5*l**2 - 7*l + 5. Let w(h) = 2*h**3 - 16*h**2 + 22*h - 16. Let r(y) = -10*u(y) - 3*w(y). List the prime factors of r(2).
2, 3, 5
Let m(k) = 2*k**3 - 5*k**2. Let f be m(4). Suppose 4*u - 4 = f. What are the prime factors of u?
13
Let a(o) = -o**2 + o + 8. Let g(c) = -c**2 + 2*c + 8. Let l(x) = -7*a(x) + 6*g(x). What are the prime factors of l(-8)?
2
Suppose z = -2*z + 114. What are the prime factors of z?
2, 19
Let x = -32 + 66. List the prime factors of x.
2, 17
Let s(p) = p**3 + 6*p**2 + 2*p + 3. What are the prime factors of s(-4)?
3
Suppose 3*j - 199 = -4*r - 16, -3*r + 134 = -j. Suppose i - 2*s - r = -2*i, 0 = -4*i - 5*s + 83. List the prime factors of i.
17
Suppose -3*o + 111 = -0*o. Suppose -3*p = m - o, -4*p - 5*m + 57 = 15. What are the prime factors of p?
13
Suppose 0 = r - 6 + 3. Suppose r*j = 1 + 20. Suppose j*s - 6 = 4*s. List the prime factors of s.
2
Suppose 3*x = w + 114, 3*w = -2*x - 0*w + 87. Let k = x + -20. What are the prime factors of k?
19
Let w = -11 - -6. Let k = w - -8. Suppose -6 = 4*r + 2*z - 44, k*z = -r + 22. What are the prime factors of r?
7
Let h be (-3)/5 + 13/5. Let s = 0 + 2. Suppose 3*p + 2*q = -s*q + 61, -h*p - 5*q = -50. List the prime factors of p.
3, 5
Let q be (-1)/(((-12)/20)/3). Suppose -g - o - 2*o + 14 = 0, 5*g + q*o - 70 = 0. What are the prime factors of g?
2, 7
Let d(v) = v**2 - v + 2. Let t be d(0). Suppose 4*s - t = 6. List the prime factors of (-4)/((-12)/27) + s.
11
Suppose 2*s - 11 = 5. Suppose 4*l + s = 12. List the prime factors of l + 1/(-1)*-20.
3, 7
Let v = -17 - -35. What are the prime factors of v?
2, 3
Let m = -4 - 0. What are the prime factors of (-47)/m - (-3)/12?
2, 3
Suppose -30*a - 1704 = -36*a. List the prime factors of a.
2, 71
Suppose -2*p = -4*t + 20, 5*t + 2*p - 18 = p. Suppose -2*i - i + 13 = -2*z, t*z = 3*i - 11. List the prime factors of i.
5
Let k(r) = -14*r + 4. Let x(l) = l + 1. Let d(g) = -k(g) - x(g). What are the prime factors of d(4)?
47
Let a(s) = 2*s**2 + 0 + 6 - 4*s**2 - s + 4*s. Let d(r) = -r**2 + 2*r + 3. Let n(j) = -2*a(j) + 5*d(j). What are the prime factors of n(4)?
3
List the prime factors of 7280/60*3/2.
2, 7, 13
Let o(v) = -7*v - 5. Suppose 3*u = 3*n - 6, u + 0*u - 5*n = 6. List the prime factors of o(u).
23
Let h = 12 + -7. Suppose 0*t = -h*t + 115. List the prime factors of t.
23
Let s(n) = 5*n. Let i be s(1). Let m(z) = 8*z - 3. Let r be m(5). Suppose 0 = -u + 2*u + 5*t - r, 11 = 3*u - i*t. What are the prime factors of u?
2, 3
Let k(x) = -x - 4. Let l be k(-6). Suppose 29 = a - 2*r, -2*a = l*r - 4*r - 58. List the prime factors of a.
29
Suppose -4*h - 26 = -170. List the prime factors of h.
2, 3
Let a = -19 + 128. List the prime factors of a.
109
Let g = 7 + -3. Suppose -11 = g*c + 13. Let n = 11 + c. List the prime factors of n.
5
Suppose 2*v - 2*q + 2 - 32 = 0, q + 55 = 3*v. What are the prime factors of v?
2, 5
Let q(f) = 2*f - 2 + 1 - 9. What are the prime factors of q(8)?
2, 3
Let q(o) = 3*o + 13. What are the prime factors of q(4)?
5
Suppose -4*i + d = -151, -4*i + 109 + 39 = -4*d. What are the prime factors of i?
2, 19
Let f(w) = -2*w + 1. Let q be f(-4). Let r = q - 0. What are the prime factors of r?
3
Let o = 100 - 52. Suppose 0 = 2*p + p - o. List the prime factors of p.
2
Let l(i) = i**3 - i**2 - 3*i + 3. Let p be l(2). Let z be 0 - p - 0 - -5. Suppose -m = z*m - 30. What are the prime factors of m?
2, 3
Let d = -4 - -8. Suppose d*y - 109 = -33. What are the prime factors of y?
19
Suppose 0 = m - 2*m + 2, -4*q = -3*m + 46. Let z = -6 - q. Let t = 15 - z. What are the prime factors of t?
11
Let q be (-42)/(-15) + (-3)/(-15). Let u = 4 - q. Let l(a) = 3*a - 1. What are the prime factors of l(u)?
2
Let z(u) = -u**3 - 5*u**2 + 5*u - 3. Let p(y) = -y - 11. Let f be p(-5). What are the prime factors of z(f)?
3
Suppose -p = -8 - 7. List the prime factors of p.
3, 5
Let u(s) = -5*s. Suppose 8*k = 3*k - 10. What are the prime factors of u(k)?
2, 5
Let k(w) be the second derivative of w**3/6 + 4*w**2 - 3*w. Let b be k(-4). Suppose -d - 18 = -3*d - r, 2*d + b*r = 30. What are the prime factors of d?
7
Suppose 93 = -3*g + f, 4*f - 42 = 4*g + 90. Let d be (g/8)/((-1)/8). Suppose 0 = 4*t + t - d. What are the prime factors of t?
2, 3
Suppose -4*k + 17 = -m, k + 3*k - 5*m - 37 = 0. Let s be k*(14/6 - -3). Suppose -5*j = -j - s. List the prime factors of j.
2
Suppose 4*b - 3*i - 8 = 10, -5*b + 36 = 3*i. Suppose 15 - 35 = -3*t - o, -t + b = o. List the prime factors of t.
7
Suppose -8*b + 160 = -4*b. List the prime factors of b.
2, 5
Suppose 5*t - 941 = 429. What are the prime factors of t/18 - (-4)/(-18)?
3, 5
Let b(j) = -79*j - 3. What are the prime factors of b(-1)?
2, 19
Let u(o) = -7*o + 20. List the prime factors of u(-12).
2, 13
Let u be 1/(3/6)*2. Suppose -s = -u - 1. List the prime factors of s.
5
Let a = -37 - -92. List the prime factors of a.
5, 11
What are the prime factors of (-4)/6 + 1830/18?
101
Suppose 5*n = 6*n - 4. Suppose 4*c - 36 = -2*h - 0*c, -n*h = -c - 54. List the prime factors of h.
2, 7
Let x(t) = -t + 1. Let h be x(14). Let f = h + 25. What are the prime factors of f?
2, 3
Let a(z) = z**3 - 2*z**2 + 2*z - 2. Let x be a(2). List the prime factors of (5/x)/((-2)/(-20)).
5
Let y = 15 - 2. Let j = y + -1. List the prime factors of j.
2, 3
Suppose 359 = 5*b - 176. List the prime factors of b.
107
Suppose -2*f + 15 = f. Suppose f*t + 106 = 4*g, -4*g + 134 = 4*t + 10. What are the prime factors of g?
29
Let q(a) be the third derivative of -a**4/8 - 5*a**3/3 + 3*a**2. List the prime factors of q(-8).
2, 7
Let s = 38 - 26. Suppose m + s = 4*m, 0 = p - 4*m + 7. List the prime factors of p.
3
Let g be ((-4)/(-4))/((-2)/(-4)). Let j be 2 - (0 + 0 - g). Suppose 6 = j*b - 14. What are the prime f